{"id":90,"date":"2020-04-27T15:33:07","date_gmt":"2020-04-27T15:33:07","guid":{"rendered":"https:\/\/vbcglobal.wordpress.com\/?page_id=90"},"modified":"2020-04-27T15:33:07","modified_gmt":"2020-04-27T15:33:07","slug":"panama","status":"publish","type":"page","link":"https:\/\/venbc.org\/index.php\/panama\/","title":{"rendered":"Panam\u00e1"},"content":{"rendered":"\n<figure class=\"wp-block-image size-large\"><img loading=\"lazy\" decoding=\"async\" width=\"1149\" height=\"610\" src=\"https:\/\/venbc.org\/wp-content\/uploads\/2020\/04\/vbc-panama-1.jpg?w=1024\" alt=\"\" class=\"wp-image-94\" srcset=\"https:\/\/venbc.org\/wp-content\/uploads\/2020\/04\/vbc-panama-1.jpg 1149w, https:\/\/venbc.org\/wp-content\/uploads\/2020\/04\/vbc-panama-1-300x159.jpg 300w, https:\/\/venbc.org\/wp-content\/uploads\/2020\/04\/vbc-panama-1-1024x544.jpg 1024w, https:\/\/venbc.org\/wp-content\/uploads\/2020\/04\/vbc-panama-1-768x408.jpg 768w\" sizes=\"auto, (max-width: 1149px) 100vw, 1149px\" \/><\/figure>\n\n\n\n<p class=\"has-text-align-left\">Ubicada en Miami\/Florida, la sede de USA es la m\u00e1s consolidada del VBC, tanto por actividades como por volumen de socios.<\/p>\n\n\n\n<div style=\"height:32px;\" aria-hidden=\"true\" class=\"wp-block-spacer\"><\/div>\n\n\n\n<div class=\"wp-block-group alignwide\"><div class=\"wp-block-group__inner-container is-layout-flow wp-block-group-is-layout-flow\">\n<div class=\"wp-block-media-text alignwide is-stacked-on-mobile\"><figure class=\"wp-block-media-text__media\"><img loading=\"lazy\" decoding=\"async\" width=\"500\" height=\"694\" src=\"https:\/\/venbc.org\/wp-content\/uploads\/2020\/04\/panama9-tomas.jpg?w=500\" alt=\"\" class=\"wp-image-95\" srcset=\"https:\/\/venbc.org\/wp-content\/uploads\/2020\/04\/panama9-tomas.jpg 500w, https:\/\/venbc.org\/wp-content\/uploads\/2020\/04\/panama9-tomas-216x300.jpg 216w\" sizes=\"auto, (max-width: 500px) 100vw, 500px\" \/><\/figure><div class=\"wp-block-media-text__content\">\n<h2 class=\"has-text-align-left wp-block-heading\">Tom\u00e1s Polanco<\/h2>\n\n\n\n<p style=\"font-size:16px;\" class=\"has-text-align-left\"><em>Presidente de VBC Panam\u00e1 y Director Externo IUBank<\/em><\/p>\n\n\n\n<p>Abogado con s\u00f3lidos conocimientos de derecho p\u00fablico y privado de Am\u00e9rica Latina. Amplio conocimiento de las regulaciones gubernamentales en la regi\u00f3n, y experto asesor legal en asuntos corporativos y de cumplimiento, que puedan traducirse en el \u00e9xito de una empresa o negocio.<\/p>\n\n\n\n<p>Tom\u00e1s es Doctor en Derecho por la Universidad Central de Venezuela, M\u00e1ster por Columbia y ha trabajado los \u00faltimos 30 a\u00f1os ocupando diferentes cargos, desde Asesor financiero de bancos y despachos de abogados a Presidente en m\u00faltiples empresas de la regi\u00f3n.<\/p>\n\n\n\n<p>Actualmente es miembro de la Directiva del IUBank, y su trabajo se basa Prestar apoyo legal como abogado seg\u00fan requerimientos de la Junta Directiva.<\/p>\n<\/div><\/div>\n<\/div><\/div>\n\n\n\n<div class=\"wp-block-media-text alignwide has-media-on-the-right is-stacked-on-mobile\"><figure class=\"wp-block-media-text__media\"><img loading=\"lazy\" decoding=\"async\" width=\"500\" height=\"663\" src=\"https:\/\/venbc.org\/wp-content\/uploads\/2020\/04\/panama6-gustavo.jpg?w=500\" alt=\"\" class=\"wp-image-97\" srcset=\"https:\/\/venbc.org\/wp-content\/uploads\/2020\/04\/panama6-gustavo.jpg 500w, https:\/\/venbc.org\/wp-content\/uploads\/2020\/04\/panama6-gustavo-226x300.jpg 226w\" sizes=\"auto, (max-width: 500px) 100vw, 500px\" \/><\/figure><div class=\"wp-block-media-text__content\">\n<h2 class=\"has-text-align-left wp-block-heading\">Gustavo Manrique<\/h2>\n\n\n\n<p style=\"font-size:16px;\" class=\"has-text-align-left\"><em>Vicepresidente VBC Panam\u00e1. Socio-Director de Stratego<\/em><\/p>\n\n\n\n<p>Gustavo Manrique es Socio\u2013Director de Stratego, empresa l\u00edder en consultor\u00eda en reputaci\u00f3n y estrategias de comunicaci\u00f3n. Conferencista Internacional en diversos pa\u00edses de la regi\u00f3n. Ha sido profesor en temas de comunicaci\u00f3n estrat\u00e9gica, mercadeo, teor\u00eda de la comunicaci\u00f3n en la Universidad Cat\u00f3lica Andr\u00e9s Bello y en la Universidad Monte\u00e1vila.<\/p>\n\n\n\n<p>Miembro de la Junta Directiva de la C\u00e1mara de Comercio, Industrias y Agricultura de Panam\u00e1; Miembro de la Junta Directiva de la Asociaci\u00f3n Paname\u00f1a de Ejecutivos de Empresa, VP de Dircom Panam\u00e1; Fundador de la Comisi\u00f3n de Empresas Sede Multinacionales y Miembro del Consejo de Mentores del Centro de Innovaci\u00f3n de la Ciudad del Saber.<\/p>\n\n\n\n<p>https:\/\/gustavomanriquesalas.wordpress.com<\/p>\n<\/div><\/div>\n\n\n\n<div class=\"wp-block-media-text alignwide is-stacked-on-mobile\"><figure class=\"wp-block-media-text__media\"><img loading=\"lazy\" decoding=\"async\" width=\"500\" height=\"663\" src=\"https:\/\/venbc.org\/wp-content\/uploads\/2020\/04\/panama3-fady.jpg?w=500\" alt=\"\" class=\"wp-image-98\" srcset=\"https:\/\/venbc.org\/wp-content\/uploads\/2020\/04\/panama3-fady.jpg 500w, https:\/\/venbc.org\/wp-content\/uploads\/2020\/04\/panama3-fady-226x300.jpg 226w\" sizes=\"auto, (max-width: 500px) 100vw, 500px\" \/><\/figure><div class=\"wp-block-media-text__content\">\n<h2 class=\"has-text-align-left wp-block-heading\">Fady el Dick<\/h2>\n\n\n\n<p style=\"font-size:16px;\" class=\"has-text-align-left\"><em>Vicepresidente VBC Panam\u00e1. Propietario <em>Il Coltello By Bacchu<\/em><\/em><\/p>\n\n\n\n<p>Licenciado en Derecho, comerciante y Restaurador Due\u00f1o del Restaurante El Brasero. 12 a\u00f1os ejerciendo profesionalmente en Panam\u00e1.<\/p>\n<\/div><\/div>\n\n\n\n<div class=\"wp-block-media-text alignwide has-media-on-the-right is-stacked-on-mobile\"><figure class=\"wp-block-media-text__media\"><img loading=\"lazy\" decoding=\"async\" width=\"500\" height=\"663\" src=\"https:\/\/venbc.org\/wp-content\/uploads\/2020\/04\/panama4-gloria.jpg?w=500\" alt=\"\" class=\"wp-image-100\" srcset=\"https:\/\/venbc.org\/wp-content\/uploads\/2020\/04\/panama4-gloria.jpg 500w, https:\/\/venbc.org\/wp-content\/uploads\/2020\/04\/panama4-gloria-226x300.jpg 226w\" sizes=\"auto, (max-width: 500px) 100vw, 500px\" \/><\/figure><div class=\"wp-block-media-text__content\">\n<h2 class=\"has-text-align-left wp-block-heading\">Gloria Mart\u00ed<\/h2>\n\n\n\n<p style=\"font-size:16px;\" class=\"has-text-align-left\"><em>Secretaria General VBC <em>Panam\u00e1<\/em>. Consultora independiente<\/em><\/p>\n\n\n\n<p>Licenciada en Educaci\u00f3n, su trabajo ha estado ligado mayormente a la educaci\u00f3n. Durante 10 a\u00f1os, fue Directora de la empresa de formaci\u00f3n empresarial venezolana, FORJA Consultores.<br>En Panam\u00e1, durante 4 a\u00f1os, estuvo encargada del desarrollo organizacional de Articruz, taller de elaboraci\u00f3n de obras de arte del Maestro Carlos Cruz Diez.<br>Actualmente se dedica a proyectos independientes en diversas \u00e1reas empresariales y est\u00e1 en la b\u00fasqueda activa de desarrollar nuevas y potenciales iniciativas.<\/p>\n<\/div><\/div>\n\n\n\n<div class=\"wp-block-media-text alignwide is-stacked-on-mobile\"><figure class=\"wp-block-media-text__media\"><img loading=\"lazy\" decoding=\"async\" width=\"500\" height=\"660\" src=\"https:\/\/venbc.org\/wp-content\/uploads\/2020\/04\/panama2-edgar.jpg?w=500\" alt=\"\" class=\"wp-image-110\" srcset=\"https:\/\/venbc.org\/wp-content\/uploads\/2020\/04\/panama2-edgar.jpg 500w, https:\/\/venbc.org\/wp-content\/uploads\/2020\/04\/panama2-edgar-227x300.jpg 227w\" sizes=\"auto, (max-width: 500px) 100vw, 500px\" \/><\/figure><div class=\"wp-block-media-text__content\">\n<h2 class=\"has-text-align-left wp-block-heading\">Edgar Olivo<\/h2>\n\n\n\n<p style=\"font-size:16px;\" class=\"has-text-align-left\"><em>Director VBC USA. Asesor financiero<\/em><\/p>\n\n\n\n<p>Como Contralor Corporativo en cuatro empresas importantes del sector financiero y del entretenimiento de Venezuela, Edgar acumula m\u00e1s de 30 a\u00f1os de experiencia Financiera, Gerencial, de Control Contable y de Gesti\u00f3n.<\/p>\n\n\n\n<p>Adicionalmente, cuenta con 12 a\u00f1os de experiencia con PwC (Auditor Externo) y m\u00e1s recientemente fue Vicepresidente Corporativo de Administraci\u00f3n y Finanzas de Nacional de Seguros de Panam\u00e1 y Centroam\u00e9rica. Desde noviembre de 2015 hasta la fecha est\u00e1 al frente de ODG Consulting, SA como Socio Director, firma de consultor\u00eda en el \u00e1rea financiera y de Contralor\u00eda Outsourcing.<\/p>\n<\/div><\/div>\n\n\n\n<div class=\"wp-block-media-text alignwide has-media-on-the-right is-stacked-on-mobile\"><figure class=\"wp-block-media-text__media\"><img loading=\"lazy\" decoding=\"async\" width=\"500\" height=\"662\" src=\"https:\/\/venbc.org\/wp-content\/uploads\/2020\/04\/jr-padilla.jpg?w=500\" alt=\"\" class=\"wp-image-102\" srcset=\"https:\/\/venbc.org\/wp-content\/uploads\/2020\/04\/jr-padilla.jpg 500w, https:\/\/venbc.org\/wp-content\/uploads\/2020\/04\/jr-padilla-227x300.jpg 227w\" sizes=\"auto, (max-width: 500px) 100vw, 500px\" \/><\/figure><div class=\"wp-block-media-text__content\">\n<h2 class=\"has-text-align-left wp-block-heading\">Jos\u00e9 Ram\u00f3n Padilla<\/h2>\n\n\n\n<p style=\"font-size:16px;\" class=\"has-text-align-left\"><em>Director VBC Panam\u00e1. Profesor Investigador en IESA<\/em><\/p>\n\n\n\n<p>Por m\u00e1s de 20 a\u00f1os se ha&nbsp;desempe\u00f1ado como profesor e investigador en el Instituto de Estudios Superiores de Administraci\u00f3n (IESA). Desde 2012 es director de la operaci\u00f3n del IESA en Panam\u00e1.&nbsp;Tambi\u00e9n es profesor invitado de la Universidad de Los Andes, en Colombia, de ESAN Business School, en Per\u00fa, y de ESPOL-ESPAE, en Ecuador.&nbsp;<\/p>\n\n\n\n<p>Ha dise\u00f1ado y desarrollado programas de capacitaci\u00f3n y consultor\u00eda en negociaci\u00f3n, resoluci\u00f3n de conflictos y gesti\u00f3n del cambio organizacional&nbsp; para organizaciones en distintos pa\u00edses.&nbsp;Miembro de la lista de \u00e1rbitros del Centro Empresarial de Conciliaci\u00f3n y Arbitraje (CEDCA) de la C\u00e1mara de Comercio Venezolana-Americana (VenamCham). Tambi\u00e9n ha sido mediador en casos de denuncia por acoso en el lugar de trabajo, para la Organizaci\u00f3n Panamericana de la Salud (OPS). <\/p>\n<\/div><\/div>\n\n\n\n<div class=\"wp-block-media-text alignwide is-stacked-on-mobile\"><figure class=\"wp-block-media-text__media\"><img loading=\"lazy\" decoding=\"async\" width=\"500\" height=\"686\" src=\"https:\/\/venbc.org\/wp-content\/uploads\/2020\/04\/panama1-ada.jpg?w=500\" alt=\"\" class=\"wp-image-104\" srcset=\"https:\/\/venbc.org\/wp-content\/uploads\/2020\/04\/panama1-ada.jpg 500w, https:\/\/venbc.org\/wp-content\/uploads\/2020\/04\/panama1-ada-219x300.jpg 219w\" sizes=\"auto, (max-width: 500px) 100vw, 500px\" \/><\/figure><div class=\"wp-block-media-text__content\">\n<h2 class=\"has-text-align-left wp-block-heading\">Ada Su\u00e1rez<\/h2>\n\n\n\n<p style=\"font-size:16px;\" class=\"has-text-align-left\"><em>Directora VBC Panam\u00e1. Autora de \u00abLos cuentos de Ada\u00bb<\/em><\/p>\n\n\n\n<p>Ada Su\u00e1rez Requ\u00e9ses abogada, psic\u00f3loga y especialista en resoluci\u00f3n de conflictos. Cuenta con un postgrado en direcci\u00f3n empresarial y una maestr\u00eda en alta gerencia. Tambi\u00e9n presenta una larga trayectoria como motivadora, conferencista y motivadora personal.<\/p>\n\n\n\n<p>Sus inspiradores radiales \u00abcuentos de Ada\u00bb, que se escuchan en 7 pa\u00edses incluyendo Panam\u00e1 y Venezuela, sumando a la gran afluencia de seguidores en RRSS le ha permitido traspasar las fronteras de su pa\u00eds, siendo invitada a dictar conferencias y capacitaciones a Miami. Rep\u00fablica Dominicana y otros pa\u00edses. <\/p>\n\n\n\n<p>Ha sido creadora y facilitadora de cursos, seminarios y talleres dirigidos al entorno organizacional, y ha brindado asesor\u00eda a importantes empresas.<\/p>\n<\/div><\/div>\n\n\n\n<div class=\"wp-block-media-text alignwide has-media-on-the-right is-stacked-on-mobile\"><figure class=\"wp-block-media-text__media\"><img loading=\"lazy\" decoding=\"async\" width=\"500\" height=\"666\" src=\"https:\/\/venbc.org\/wp-content\/uploads\/2020\/04\/panama5-jonatan.jpg?w=500\" alt=\"\" class=\"wp-image-106\" srcset=\"https:\/\/venbc.org\/wp-content\/uploads\/2020\/04\/panama5-jonatan.jpg 500w, https:\/\/venbc.org\/wp-content\/uploads\/2020\/04\/panama5-jonatan-225x300.jpg 225w\" sizes=\"auto, (max-width: 500px) 100vw, 500px\" \/><\/figure><div class=\"wp-block-media-text__content\">\n<h2 class=\"has-text-align-left wp-block-heading\">Jonathan Cohen<\/h2>\n\n\n\n<p style=\"font-size:16px;\" class=\"has-text-align-left\"><em>Director VBC Panam\u00e1. Ejecutivo Grupo Sambil<\/em><\/p>\n\n\n\n<p>Abogado de profesi\u00f3n, casado con 4 hijos, ha vivido en Venezuela, Curacao y Panama encarg\u00e1ndose de los negocios familiares. Actualmente es Director Ejecutivo de Grupo Sambil Internacional.<\/p>\n\n\n\n<p>Grupo Sambil es una empresa constructora y desarrolladores de Residencias, Oficinas, Centros comerciales y Hoteles en Venezuela, Curacao, Rep\u00fablica Dominicana y Madrid.&nbsp;Jonathan forma parte de un equipo que est\u00e1 en constante b\u00fasqueda de oportunidades y nuevas inversiones en el \u00e1rea inmobiliaria en USA.<\/p>\n\n\n\n<p>Asesora a PEUGEOT Panam\u00e1 desde su Junta Directiva y es parte de varias organizaciones locales como VBC y APEDE. Le apasiona el deporte, y sus hobbies son la aviaci\u00f3n y el paracaidismo.<\/p>\n<\/div><\/div>\n\n\n\n<div class=\"wp-block-media-text alignwide is-stacked-on-mobile\"><figure class=\"wp-block-media-text__media\"><img loading=\"lazy\" decoding=\"async\" width=\"500\" height=\"664\" src=\"https:\/\/venbc.org\/wp-content\/uploads\/2020\/04\/panama8-max.jpg?w=500\" alt=\"\" class=\"wp-image-108\" srcset=\"https:\/\/venbc.org\/wp-content\/uploads\/2020\/04\/panama8-max.jpg 500w, https:\/\/venbc.org\/wp-content\/uploads\/2020\/04\/panama8-max-226x300.jpg 226w\" sizes=\"auto, (max-width: 500px) 100vw, 500px\" \/><\/figure><div class=\"wp-block-media-text__content\">\n<h2 class=\"has-text-align-left wp-block-heading\">Max Madariaga<\/h2>\n\n\n\n<p style=\"font-size:16px;\" class=\"has-text-align-left\"><em>Director VBC Panam\u00e1. Presidente MMA Seguros<\/em><\/p>\n\n\n\n<p>Max es Presidente de la prestigiosa firma paname\u00f1a MMA Seguros, y fue candidato a Diputado por parte del Partido Popular en 2019.<\/p>\n\n\n\n<p>Egresado de la universidad de Palermo en Buenos Aires Argentina y con m\u00e1s de 15 a\u00f1os de experiencia en el mundo de los seguros. Estudios complementarios en especializaci\u00f3n de seguros de vida por The American College. En sus 15 a\u00f1os de experiencia ha trabajado en diferentes posiciones en los principales brokers de seguros de la rep\u00fablica. Socio del club activo 20-30 de Panama desde el 2003. Posee licencia de Bienes Ra\u00edces desde el a\u00f1o de 2014.<\/p>\n\n\n\n<p>www.mmaseguros.com<\/p>\n<\/div><\/div>\n","protected":false},"excerpt":{"rendered":"<p>Ubicada en Miami\/Florida, la sede de USA es la m\u00e1s consolidada del VBC, tanto por actividades como por volumen de socios. Tom\u00e1s Polanco Presidente de VBC Panam\u00e1 y Director Externo IUBank Abogado con s\u00f3lidos conocimientos de derecho p\u00fablico y privado de Am\u00e9rica Latina. Amplio conocimiento de las regulaciones gubernamentales en la regi\u00f3n, y experto asesor [&hellip;]<\/p>\n","protected":false},"author":2,"featured_media":0,"parent":0,"menu_order":0,"comment_status":"closed","ping_status":"closed","template":"","meta":{"footnotes":""},"class_list":["post-90","page","type-page","status-publish","hentry"],"yoast_head":"<!-- This site is optimized with the Yoast SEO plugin v19.3 - https:\/\/yoast.com\/wordpress\/plugins\/seo\/ -->\n<title>Panam\u00e1 - VBC - Venezuelan Business Club<\/title>\n<meta name=\"robots\" content=\"index, follow, max-snippet:-1, max-image-preview:large, max-video-preview:-1\" \/>\n<link rel=\"canonical\" href=\"https:\/\/venbc.org\/index.php\/panama\/\" \/>\n<meta property=\"og:locale\" content=\"es_ES\" \/>\n<meta property=\"og:type\" content=\"article\" \/>\n<meta property=\"og:title\" content=\"Panam\u00e1 - VBC - Venezuelan Business Club\" \/>\n<meta property=\"og:description\" content=\"Ubicada en Miami\/Florida, la sede de USA es la m\u00e1s consolidada del VBC, tanto por actividades como por volumen de socios. Tom\u00e1s Polanco Presidente de VBC Panam\u00e1 y Director Externo IUBank Abogado con s\u00f3lidos conocimientos de derecho p\u00fablico y privado de Am\u00e9rica Latina. Amplio conocimiento de las regulaciones gubernamentales en la regi\u00f3n, y experto asesor [&hellip;]\" \/>\n<meta property=\"og:url\" content=\"https:\/\/venbc.org\/index.php\/panama\/\" \/>\n<meta property=\"og:site_name\" content=\"VBC - Venezuelan Business Club\" \/>\n<meta property=\"og:image\" content=\"https:\/\/vbcglobal.files.wordpress.com\/2020\/04\/vbc-panama-1.jpg?w=1024\" \/>\n<meta name=\"twitter:card\" content=\"summary_large_image\" \/>\n<meta name=\"twitter:label1\" content=\"Tiempo de lectura\" \/>\n\t<meta name=\"twitter:data1\" content=\"5 minutos\" \/>\n<script type=\"application\/ld+json\" class=\"yoast-schema-graph\">{\"@context\":\"https:\/\/schema.org\",\"@graph\":[{\"@type\":\"Organization\",\"@id\":\"https:\/\/venbc.org\/#organization\",\"name\":\"VBC - Venezuelan Business Club\",\"url\":\"https:\/\/venbc.org\/\",\"sameAs\":[],\"logo\":{\"@type\":\"ImageObject\",\"inLanguage\":\"es\",\"@id\":\"https:\/\/venbc.org\/#\/schema\/logo\/image\/\",\"url\":\"https:\/\/venbc.org\/wp-content\/uploads\/2020\/04\/cropped-vbc-logo-azul-200px.png\",\"contentUrl\":\"https:\/\/venbc.org\/wp-content\/uploads\/2020\/04\/cropped-vbc-logo-azul-200px.png\",\"width\":200,\"height\":65,\"caption\":\"VBC - Venezuelan Business Club\"},\"image\":{\"@id\":\"https:\/\/venbc.org\/#\/schema\/logo\/image\/\"}},{\"@type\":\"WebSite\",\"@id\":\"https:\/\/venbc.org\/#website\",\"url\":\"https:\/\/venbc.org\/\",\"name\":\"VBC - Venezuelan Business Club\",\"description\":\"Red global de empresarios latinos\",\"publisher\":{\"@id\":\"https:\/\/venbc.org\/#organization\"},\"potentialAction\":[{\"@type\":\"SearchAction\",\"target\":{\"@type\":\"EntryPoint\",\"urlTemplate\":\"https:\/\/venbc.org\/?s={search_term_string}\"},\"query-input\":\"required name=search_term_string\"}],\"inLanguage\":\"es\"},{\"@type\":\"ImageObject\",\"inLanguage\":\"es\",\"@id\":\"https:\/\/venbc.org\/index.php\/panama\/#primaryimage\",\"url\":\"https:\/\/venbc.org\/wp-content\/uploads\/2020\/04\/vbc-panama-1.jpg?w=1024\",\"contentUrl\":\"https:\/\/venbc.org\/wp-content\/uploads\/2020\/04\/vbc-panama-1.jpg?w=1024\"},{\"@type\":\"WebPage\",\"@id\":\"https:\/\/venbc.org\/index.php\/panama\/\",\"url\":\"https:\/\/venbc.org\/index.php\/panama\/\",\"name\":\"Panam\u00e1 - VBC - Venezuelan Business Club\",\"isPartOf\":{\"@id\":\"https:\/\/venbc.org\/#website\"},\"primaryImageOfPage\":{\"@id\":\"https:\/\/venbc.org\/index.php\/panama\/#primaryimage\"},\"datePublished\":\"2020-04-27T15:33:07+00:00\",\"dateModified\":\"2020-04-27T15:33:07+00:00\",\"breadcrumb\":{\"@id\":\"https:\/\/venbc.org\/index.php\/panama\/#breadcrumb\"},\"inLanguage\":\"es\",\"potentialAction\":[{\"@type\":\"ReadAction\",\"target\":[\"https:\/\/venbc.org\/index.php\/panama\/\"]}]},{\"@type\":\"BreadcrumbList\",\"@id\":\"https:\/\/venbc.org\/index.php\/panama\/#breadcrumb\",\"itemListElement\":[{\"@type\":\"ListItem\",\"position\":1,\"name\":\"Portada\",\"item\":\"https:\/\/venbc.org\/\"},{\"@type\":\"ListItem\",\"position\":2,\"name\":\"Panam\u00e1\"}]}]}<\/script>\n<!-- \/ Yoast SEO plugin. -->","yoast_head_json":{"title":"Panam\u00e1 - VBC - Venezuelan Business Club","robots":{"index":"index","follow":"follow","max-snippet":"max-snippet:-1","max-image-preview":"max-image-preview:large","max-video-preview":"max-video-preview:-1"},"canonical":"https:\/\/venbc.org\/index.php\/panama\/","og_locale":"es_ES","og_type":"article","og_title":"Panam\u00e1 - VBC - Venezuelan Business Club","og_description":"Ubicada en Miami\/Florida, la sede de USA es la m\u00e1s consolidada del VBC, tanto por actividades como por volumen de socios. Tom\u00e1s Polanco Presidente de VBC Panam\u00e1 y Director Externo IUBank Abogado con s\u00f3lidos conocimientos de derecho p\u00fablico y privado de Am\u00e9rica Latina. Amplio conocimiento de las regulaciones gubernamentales en la regi\u00f3n, y experto asesor [&hellip;]","og_url":"https:\/\/venbc.org\/index.php\/panama\/","og_site_name":"VBC - Venezuelan Business Club","og_image":[{"url":"https:\/\/vbcglobal.files.wordpress.com\/2020\/04\/vbc-panama-1.jpg?w=1024"}],"twitter_card":"summary_large_image","twitter_misc":{"Tiempo de lectura":"5 minutos"},"schema":{"@context":"https:\/\/schema.org","@graph":[{"@type":"Organization","@id":"https:\/\/venbc.org\/#organization","name":"VBC - Venezuelan Business Club","url":"https:\/\/venbc.org\/","sameAs":[],"logo":{"@type":"ImageObject","inLanguage":"es","@id":"https:\/\/venbc.org\/#\/schema\/logo\/image\/","url":"https:\/\/venbc.org\/wp-content\/uploads\/2020\/04\/cropped-vbc-logo-azul-200px.png","contentUrl":"https:\/\/venbc.org\/wp-content\/uploads\/2020\/04\/cropped-vbc-logo-azul-200px.png","width":200,"height":65,"caption":"VBC - Venezuelan Business Club"},"image":{"@id":"https:\/\/venbc.org\/#\/schema\/logo\/image\/"}},{"@type":"WebSite","@id":"https:\/\/venbc.org\/#website","url":"https:\/\/venbc.org\/","name":"VBC - Venezuelan Business Club","description":"Red global de empresarios latinos","publisher":{"@id":"https:\/\/venbc.org\/#organization"},"potentialAction":[{"@type":"SearchAction","target":{"@type":"EntryPoint","urlTemplate":"https:\/\/venbc.org\/?s={search_term_string}"},"query-input":"required name=search_term_string"}],"inLanguage":"es"},{"@type":"ImageObject","inLanguage":"es","@id":"https:\/\/venbc.org\/index.php\/panama\/#primaryimage","url":"https:\/\/venbc.org\/wp-content\/uploads\/2020\/04\/vbc-panama-1.jpg?w=1024","contentUrl":"https:\/\/venbc.org\/wp-content\/uploads\/2020\/04\/vbc-panama-1.jpg?w=1024"},{"@type":"WebPage","@id":"https:\/\/venbc.org\/index.php\/panama\/","url":"https:\/\/venbc.org\/index.php\/panama\/","name":"Panam\u00e1 - VBC - Venezuelan Business Club","isPartOf":{"@id":"https:\/\/venbc.org\/#website"},"primaryImageOfPage":{"@id":"https:\/\/venbc.org\/index.php\/panama\/#primaryimage"},"datePublished":"2020-04-27T15:33:07+00:00","dateModified":"2020-04-27T15:33:07+00:00","breadcrumb":{"@id":"https:\/\/venbc.org\/index.php\/panama\/#breadcrumb"},"inLanguage":"es","potentialAction":[{"@type":"ReadAction","target":["https:\/\/venbc.org\/index.php\/panama\/"]}]},{"@type":"BreadcrumbList","@id":"https:\/\/venbc.org\/index.php\/panama\/#breadcrumb","itemListElement":[{"@type":"ListItem","position":1,"name":"Portada","item":"https:\/\/venbc.org\/"},{"@type":"ListItem","position":2,"name":"Panam\u00e1"}]}]}},"_links":{"self":[{"href":"https:\/\/venbc.org\/index.php\/wp-json\/wp\/v2\/pages\/90","targetHints":{"allow":["GET"]}}],"collection":[{"href":"https:\/\/venbc.org\/index.php\/wp-json\/wp\/v2\/pages"}],"about":[{"href":"https:\/\/venbc.org\/index.php\/wp-json\/wp\/v2\/types\/page"}],"author":[{"embeddable":true,"href":"https:\/\/venbc.org\/index.php\/wp-json\/wp\/v2\/users\/2"}],"replies":[{"embeddable":true,"href":"https:\/\/venbc.org\/index.php\/wp-json\/wp\/v2\/comments?post=90"}],"version-history":[{"count":0,"href":"https:\/\/venbc.org\/index.php\/wp-json\/wp\/v2\/pages\/90\/revisions"}],"wp:attachment":[{"href":"https:\/\/venbc.org\/index.php\/wp-json\/wp\/v2\/media?parent=90"}],"curies":[{"name":"wp","href":"https:\/\/api.w.org\/{rel}","templated":true}]}}